 Let v(z) = p*f(z) + 4*q(z). What is v(-4)?
8
Let g(c) be the first derivative of -c**4/4 + 2*c**3 + c**2 - 9*c + 1962. Let r(s) = 3*s - 3. Let u be r(3). Give g(u).
3
Let f(j) = j**3 + 1 - 2*j + 1501*j**2 + 3 - 1 - 1503*j**2. Calculate f(4).
27
Let v(x) = x**2 - 7*x + 3. Suppose -3*c = -6*c - a + 23, -4*c - 3*a + 29 = 0. What is v(c)?
11
Let p(i) = 55 - 8*i - 37 + 8*i**2 - 2*i - 20*i**2 + i**3 + 7*i**2. What is p(6)?
-6
Let r(s) = -5*s - 8. Let k be r(-2). Let y(b) = b. Let z(i) = -3*i. Let c(v) = k*y(v) + z(v). What is c(-8)?
8
Let d(m) = 2*m - 2 - 7*m + 5 - 5*m + 2*m. What is d(-4)?
35
Let b(h) = -h**3 + 7*h**2 - h - 1. Suppose -9*u + 4*u = 125. Let j be (5/(u/(-35)))/1. What is b(j)?
-8
Let c(z) = z**2 + 13*z - 10. Let k(s) = -2*s + 1. Let n(t) = c(t) + 4*k(t). Let x = 1 - 6. What is n(x)?
-6
Let q(v) = -v + 11. Let i(a) = -a + 10. Let u(z) = -5*i(z) + 4*q(z). Give u(4).
-2
Let t = 92 - 95. Let m(r) = r + 5. Let h be m(t). Let z(q) be the second derivative of q**4/4 - q**3/6 - q**2 - q. What is z(h)?
8
Let o(r) = -r**2 - 8*r - 2. Let i be o(-6). Let y = -8 + i. Let g(p) = -2 + 5 + 3*p - 4 + 4 + 3*p**y. Calculate g(-2).
9
Let u(p) be the third derivative of p**5/60 - p**4/24 + p**3 + 4*p**2 + 7*p. Calculate u(5).
26
Let r(m) be the first derivative of 35 - 1/2*m**2 - 2*m. Determine r(2).
-4
Let c(y) be the second derivative of y**5/20 + y**4/4 - y**3/3 - y**2/2 + 1247*y. Suppose -1 = -0*o + o - a, -5*o + 2*a - 5 = 0. Let r = -3 + o. Give c(r).
-9
Suppose 5*k = -4*g - 31, 5*k = -g - 10 - 9. Let f(v) = 5*v - 1. Determine f(k).
-16
Let y(b) = 2*b + 370*b**2 - 185*b**2 - 1 - 184*b**2. Let n be (3/(-2))/((-15)/10). Determine y(n).
2
Let k(z) = -3*z**2 - 40*z + 33. Let q be k(-14). Let w(n) be the second derivative of -1/20*n**q + 0 + n**2 + n + 2/3*n**3 - 1/4*n**4. Give w(-3).
-10
Let b(m) = 830*m**2 - 409*m**2 - 14*m + 16 - m**3 - 408*m**2. What is b(12)?
-8
Suppose -2*a + 11 = -b, a + b - 6*b - 19 = 0. Let u(p) = 2*p - 1 + 0 + 0. What is u(a)?
7
Let g be 104/5*(1 - -4). Let k = g - 108. Let n(c) = c - 4. Calculate n(k).
-8
Let m(o) = -o**3 + 34*o**2 + 75*o - 99. Let b be m(36). Let a(y) = -y - 4. Calculate a(b).
-13
Let p(j) = -j + 3*j + 4 - 5*j + 2*j. Let y be p(5). Let t(a) = -a**2 - a + 1. Let o(b) = -15*b**2 - 5*b + 6. Let k(g) = -o(g) + 5*t(g). What is k(y)?
9
Suppose 5*l - 344 = -44. Let f(m) = -3*m - l + m**2 - 8*m + 68 + 3*m. Give f(7).
1
Let s(v) = -4*v**2 + 4 - v - 10*v**2 - 11*v + 16*v**2. Determine s(6).
4
Let w(s) = -2*s**3 + 23*s**2 + 17*s - 19. Let j(i) = -i**3 + 12*i**2 + 10*i - 9. Let n(k) = 5*j(k) - 3*w(k). Give n(9).
3
Let l(z) = z**3 - 3*z**2 - 3*z - 3. Let c(w) = -12 - 2 - 7*w + 4*w**2 - 10*w**2 + 7*w**2. Let i be c(9). Calculate l(i).
1
Let i(x) be the third derivative of -x**4/24 + 2*x**3/3 - 5*x**2. Suppose 0 = 2*c + 5 - 3, 2*j + 12 = -2*c. Give i(j).
9
Let k(l) = l**2 + 4*l - 23. Let j be k(-7). Let m(a) = -a + 2. What is m(j)?
4
Let t(r) = 2*r**2 + 5*r - 3. Let x(v) = v**2 + 3*v - 2. Let i(p) = -3*t(p) + 5*x(p). Calculate i(2).
-5
Let j(s) = -s**3 - 14*s**2 - s - 17. Suppose -v - 28 = v. Calculate j(v).
-3
Suppose w - 26 = -14. Suppose 110*j - 107*j = w. Let y(i) = i**2 - 6*i + 5. Calculate y(j).
-3
Let r(z) = -z**3 - 7*z**2 - z - 1. Let v(b) = -b**2 + 6*b - 1. Let j be v(4). Suppose -35 + j = 4*s. Give r(s).
6
Let c(t) = -135*t + 5 - 20*t**2 + 125*t + 19*t**2. What is c(-7)?
26
Suppose 10*y = 7*y + 9. Let p be 0 + -2 + 4 + y. Let i(t) = t**2 + t + 1. Let d(o) = 3*o**2 - 3*o. Let b(x) = -d(x) + 2*i(x). Calculate b(p).
2
Let t(g) = 2*g + 2. Let l be t(-4). Let q = l + 8. Let j(w) = -5*w**2 + 10*w**2 - 157*w - 4*w**2 + 153*w. Determine j(q).
-4
Let k be 3*(-4)/5*45. Let o be k/(-63) - 2/(-7). Let z(j) = 4 + 1 - j - 1 + o*j. What is z(-2)?
2
Let d(q) = -2*q**3 - 2*q**2 + q. Suppose -w + s + 5 = -0*w, -5*s = 20. Suppose 4*n + 3*v + w + 1 = 0, 0 = -3*v + 6. Determine d(n).
6
Let z(o) = o - 2. Let a be 4/((-2)/(-2 - -3)). Suppose -3*x = 5*t - 33, -t = 2*x + 4*t - 17. Let q be 2*12/x*a. Give z(q).
-5
Let t(o) = -5*o. Let k be 0/(-1) - (-11 - -5). Let v be 4/k*(-63)/(-14). What is t(v)?
-15
Let w(u) = 0*u**2 + 412 - 820 - 4*u + 2*u**2 - u**2 + 398. What is w(7)?
11
Let x(j) = -2*j**2 - j + 2. Let y(n) = -7*n**2 - 11*n + 23. Let q(a) = 4*x(a) - y(a). Determine q(5).
-5
Let o be 1 + 12/60*15. Let d(w) = w**2 + w - 7. Give d(o).
13
Let s(p) = -4114*p**3 + 4113*p**3 + 4 - 3*p**2 + 6*p**2. Give s(4).
-12
Let x = 0 + -1. Let k be x/(-2)*-6 - -1. Let f(i) = -2*i**2 + 566*i + i**2 + 2 - 569*i - 4. Determine f(k).
0
Let z(i) = -i. Suppose m - 56 - 58 = 0. Let n = 117 - m. Give z(n).
-3
Let o(l) be the third derivative of 0*l + 0 - 6*l**2 - 3/2*l**3 + 1/24*l**4. Give o(5).
-4
Let b(w) = w**3 - 2*w + 2. Let x be b(-2). Let a(d) = -2*d + 1. Let o(i) = 2*i. Let k(m) = x*o(m) - 3*a(m). What is k(6)?
9
Let i(j) = j**2 - 15*j - 39. Let k(s) = -s**2 + 16*s + 39. Let y(a) = -4*i(a) - 3*k(a). Let r(q) be the first derivative of y(q). Calculate r(8).
-4
Let u(s) = -s**3 - 6*s**2 + 2*s + 37. Let o be u(-5). Let f(k) be the second derivative of -k**o + 6*k + 7/6*k**3 - 7/12*k**4 + 0 + 1/20*k**5. Determine f(6).
4
Let f(j) = j**3 - 2*j**2 - 3*j. Let w(u) = 5*u**3 - 9*u**2 - 16*u. Let q(a) = -11*f(a) + 2*w(a). Determine q(4).
4
Suppose 5*s + 4*t = 2*t - 11, -3*s - 4*t = 1. Let r be s/(-9)*(3 - 3). Let j = r - 1. Let l(k) = -13*k**3 - 2*k**2 - 2*k - 1. Give l(j).
12
Let v(f) be the second derivative of -f**5/20 - 7*f**4/12 + 4*f**3/3 - 11*f**2/2 + 524*f. What is v(-8)?
-11
Let x(k) = -k + 6*k - 7*k + 5. Let w be (-5 + 99/21)/(1/(-14)). Calculate x(w).
-3
Let z(o) = -o**2 - 8*o - 2. Suppose -q + 1 = -4. Suppose -4*s + q*l = -125, s - 41 = -0*s - 2*l. Suppose -4*v = -11 + s. Determine z(v).
10
Let o(r) = -4*r - 1. Let m be o(2). Let u(z) = -9*z - 11. Let v(a) = -7*a - 9. Let n(w) = -3*u(w) + 4*v(w). Give n(m).
6
Let g(y) = -2*y**2 + 8*y + 5. Let p be g(4). Suppose 0 = -3*v + 5*h + 44, -v + p*h - 3 = -31. Let o(s) = s**3 - 9*s**2 + 9*s + 8. Calculate o(v).
16
Let q be (-1)/(-10) - 56/(-140). Let l(n) be the second derivative of -3*n**2 - q*n**3 + 0 - n. Give l(-5).
9
Let w(p) = -8 - 1 + 13 - 3*p - 3. What is w(6)?
-17
Let x(o) = -o**3 - 3*o**2 + 2*o. Let j be 6/4*5*8/6. Suppose -4*n - j = 2. Calculate x(n).
-6
Suppose 13 = -4*f - 3*v, -12 = 4*f - v + 5. Let u(w) = -33*w + 30. Let x(y) = 38*y - 35. Let i(h) = 7*u(h) + 6*x(h). Give i(f).
12
Let s be (-2 + (-7)/(-2))*(-29 + 31). Let k(r) be the third derivative of -1/60*r**5 - r**2 + 1/120*r**6 - 1/2*r**s + 0*r + 0 + 1/24*r**4. What is k(0)?
-3
Suppose 4*c + 141 = -3*b, 3 = 3*c + 3*b + 108. Let i be 5/(-2)*1*c/(-30). Let q(f) = f**3 + 2*f**2 - 4*f - 4. What is q(i)?
-1
Let i be (2 - 6) + (18 - 0). Let m = i + -19. Let o(b) be the third derivative of b**6/120 + b**5/15 - b**4/4 - 5*b**3/6 + b**2. What is o(m)?
0
Let x = -9 + 4. Let z(m) = -m**2 - 5*m - 4. Let n be z(x). Let c(j) = 283 - 853 - j**2 - 3*j + 287 + 286. Determine c(n).
-1
Let u = 22/43 - -278/129. Let w(n) be the first derivative of -7/2*n**2 - 1/4*n**4 + u*n**3 + 0*n + 2. Give w(7).
0
Let n = -268 + 273. Let h(o) = -2*o. What is h(n)?
-10
Let n(p) be the second derivative of 7*p**4/4 + p**3/3 - p**2/2 + 274*p - 1. Give n(1).
22
Let j(z) = -z - 1. Let t be -4 + 2 + 6 + (-8)/8. What is j(t)?
-4
Let v be (-4)/2 + -3 + 6. Let o(i) = 47*i - 9. Let l(t) = 53*t - 11. Let s(p) = -5*l(p) + 6*o(p). What is s(v)?
18
Let m(t) = t**2 - 6*t - 6. Let s be m(6). Let g(w) be the first derivative of -33 + 1/2*w**2 + 2*w. Determine g(s).
-4
Suppose -19 = 4*u - g, -3*u = u - 3*g + 9. Let q = 30 + -32. Let l be q + u + 2 + 1. Let k(i) = i**2 + 7*i + 2. Give k(l).
-8
Let o(u) = -u**2 + 11*u - 10. Let s be o(8). Let f(c) = -11 - 2*c + 20 - c**2 - s. Determine f(-4).
-13
Suppose 23 - 43 = 4*v. Let a(u) be the third derivative of u**4/4 + u**3/3 - 2*u**2. Let c(j) = -5*j - 2. Let p(o) = -4*a(o) - 5*c(o). Determine p(v).
-3
Let v(l) = 10*l**3 + 20*l**2 + 22*l + 58. Let t(y) = -7*y**3 - 13*y**2 - 14*y - 39. Let a(i) = -7*t(i) - 5*v(i). Determine a(-8).
15
Let j(z) = -8*z - 1. Suppose 58*w = 61*w + 258. Let o = w - -85. Determine j(o).
7
Let m(d) be the third derivative of -d**6/120 + 2*d**5/15 + 5*d**3/6 - 61*d**2. What is m(8)?
5
Let r(v) be the second derivative 